) - (59 + -108 + 53)?
-14
Evaluate (3 + -5 + 2 - (-12 + -44)) + -12.
44
What is 128 + (-99 - -14) + -112?
-69
Calculate (-75 - -79) + -28 + -25.
-49
-9 - (-2 + 5 - (-6 + (35 - 106))) - -6
-83
What is the value of -1 - (20 + -8) - (22 - 76)?
41
What is 207 + -265 - (12 + -29)?
-41
What is 16 - (-49 - -57 - -18)?
-10
What is the value of (-39 - -17 - -8 - -12) + -21?
-23
What is the value of -31 - (-11 + (9 - 25))?
-4
Calculate -5 + 16 + (-10 + (9 - 10) - 4).
-4
Evaluate -52 - (-72 + 18 + 29).
-27
Calculate (5 - 0 - (-7 + 15) - -7 - 81) + 7.
-70
Calculate 285 + -247 + -24 + (-37 - -1).
-22
What is the value of 134 + 124 + -188 + -7?
63
What is (29 - 110) + 57 + -48?
-72
Calculate (38 - (54 - 118)) + -63.
39
82 + -48 + (11 + -4 - 20)
21
-15 - (1 + 34 - (-95 + 92)) - (13 - 1)
-65
Evaluate (-11 - 101) + 96 - -81.
65
Calculate 60 + -173 + 108 - 7.
-12
1 + 18 - (-16 + -1 + (57 - (28 + 10)))
17
30 + 10 + 4 + (-17 - (-8 + -4)) + -24
15
Calculate -47 + 62 - (2 + 7 + -8 + -6 + -6).
26
Calculate 11 + -35 + (26 - 17) + -27 + 2 + 11.
-29
Calculate (-4 - -13 - (2 - (16 + -24 - 7))) + -1.
-9
What is (10 - 9) + 25 + -39 + -39?
-52
What is the value of (-20 - -2) + (-71 - -32) + 52?
-5
What is -12 - (-32 + -4 + (5 + -19 - -17))?
21
-18 - (9 + (-8 - (9 + -12 - -7)))
-15
9 - (-14 - -9) - (-8 + 4 + 15) - 127
-124
Evaluate -23 + -2 + 7 + (-431 - -489).
40
(-15 - -36) + -60 + -4 + 6 + -1
-38
-61 + 0 + (-47 - -195)
87
What is 115 - ((-87 - (-43 - 38)) + -1 + 26)?
96
Evaluate 49 - ((-26 - -34 - -13) + -51).
79
Evaluate 119 + (90 - (85 + 64)).
60
(-26 + 61 - (0 + 3)) + 11 - (9 + -3)
37
(-11 + 1 - 9) + (-139 - -134 - (1 + -16))
-9
Evaluate (16 - 36 - -20) + (-25 - -3) + -67.
-89
-49 + (131 - 55) + -63
-36
What is the value of -10 + (116 - 157) + (110 - -2)?
61
Evaluate -46 + 1 - (-3493 + 3472).
-24
Calculate 22 + -27 + 92 + -143.
-56
Evaluate 48 - (10 + (14 - 5 - -4) - 9).
34
(-78 - 55) + -46 - -107
-72
Calculate (1 - 26) + -9 + 33 + -39.
-40
What is the value of -366 + 363 - (-3 - (-2 + 0) - (3 - -6))?
7
(46 - 24 - 11) + -19 + (-1 - -5) - -27
23
What is the value of 1 - 1 - ((20 - 1) + 9 + 13)?
-41
What is 5 + 0 - 87 - (480 - 480 - (1 - 7))?
-88
What is the value of -12 + 14 + (-15 - (24 - 22))?
-15
What is -30 + (41 + -111 - -48)?
-52
(-1 + -2 + 11 - ((-150 - -235) + -86)) + 57
66
Evaluate (-41 - 0) + (-1 + 3 - (-6 - 13) - 8).
-28
What is (-4 - 23) + 27 + -21 + 15 + 8?
2
67 + -73 + -2 + (91 - (0 + -1))
84
-6 + -3 - (-11 - (-65 + 44))
-19
-21 - -59 - (-7 + 3 - -1)
41
Calculate (19 - (9 - -34 - 25)) + -106.
-105
Calculate 5 - 14 - -5 - (6 + -9 + -12 + -52).
63
Evaluate (-6 - -1 - (-19 + 22 + -29 + 15)) + -13.
-7
(57 - 46) + 1 + -14 + -7 - (-4 - 4)
-1
What is the value of -1 + -13 - ((-27 + 66 - 24) + -66 + -6)?
43
11 - ((3 - 15) + 28 + (-74 - 13))
82
What is -33 - (-77 - -23) - (27 - -4)?
-10
What is the value of 13 - 30 - (-21 + 19) - -20?
5
Evaluate -887 + 825 + 3 + 101.
42
What is -42 + 1 + (-23 + 37 - 4)?
-31
Calculate -8 + -9 + 8 + -1 + (-231 - -201).
-40
What is 23 + (-22 - ((-22 - -17) + -13)) - -96?
115
What is (12 - -1 - 7 - (9 - 16)) + -7?
6
Evaluate 157 + -68 + 32 + -81.
40
What is the value of -5056 - -5071 - (79 - (3 + -3 + 1))?
-63
What is the value of (-22 - 20) + 34 - (7 - (7 + (1 - 4)))?
-11
4 + -4 + 2 + -2 + (-65 - -50)
-15
What is 607 + -535 - (9 - -87)?
-24
Evaluate (54 - (14 - (4 + -2) - 15)) + -12.
45
What is -19 + (-5 - (26 - 52)) + -2 + 1 + -44?
-43
What is the value of (304 - 272 - (25 + -1)) + (0 - -11)?
19
What is the value of -22 + (-43 - -29 - -18) + -51?
-69
Evaluate 2 + (-7 - -18) + (207 - 262).
-42
-10 - 11 - (52 - 31 - 83)
41
-32 + 0 + (-7 - (6 - (20 + -5)))
-30
What is (-11 + 0 - ((-4 - (-34 + 19)) + -13)) + -49?
-58
Evaluate 90 + -297 - -108 - -148.
49
Evaluate 9 - (-32 + 18 + (-7 - -6 - 11)).
35
-2 + -47 - (0 + 0 - (-445 - -433))
-61
(-6 - -6) + -25 - (-35 + 48)
-38
What is (-54 + 7 + 124 - (-14 - 0)) + -16?
75
What is the value of (-3 - (-96 + 4)) + (98 - (-119 - -223))?
83
Calculate -50 - (-10 + -108 + 33).
35
Evaluate 33 + -11 + (-9 + -1 - -24 - 2).
34
What is -149 + 95 - (29 + -85)?
2
Calculate -54 + 1 + (83 - 62).
-32
What is -8 - ((-7 + 15 - (18 + -6)) + 65)?
-69
Calculate 201 + -78 + (10 - 138).
-5
Evaluate -4858 + 4976 + 7 + (-1 - (1 + -2)) - 14.
111
Evaluate 64 + -100 + (56 - 30).
-10
Evaluate -13 + 2 + -1 + (38 - -2) + -21.
7
What is the value of -60 + (-22 + (13 - 15) + 20 - 9)?
-73
Evaluate 50 - (66 + -97 - (-4 + -22)).
55
32 + -5 + -17 + -13 - (6 + 1)
-10
Calculate 34 + (67 + -27 - 25).
49
What is the value of (330 - 269) + -1 + -39?
21
What is -81 - -48 - 30 - -64?
1
0 + (-15 - -6) + (4 - (-35 - -2))
28
-8047 - -7961 - (-66 + 2)
-22
What is the value of 0 + 57 - ((281 - 201) + -106)?
83
What is 8 + 22 + -10 - (-19 + 2 + -2)?
39
What is -17 + 18 + -9 - -10 - -2?
4
20 + -19 - -9 - (1 + 12)
-3
Evaluate -48 - (-38 + (28 - 85)).
47
What is 42 - (-104 - -32) - (5 + 1) - 8?
100
Evaluate (-2 + 15 - (-318 + 309)) + (-2 - -9).
29
-18 + 55 + 52 + -61
28
What is -104 + (20 - (10 - -18 - 10) - (0 - 9))?
-93
What is -17 + 30 + -3 + (10 - -1)?
21
What is the value of -8 + 3 + 0 + -7 - 2 - -15?
1
What is -18 + -4 - -74 - 16 - 11?
25
Calculate (19 - (-11 - -53)) + 55.
32
Calculate (-1 - -128) + -118 - 88.
-79
What is (-50 - (10 - (-13 - -11))) + -3 + 1?
-64
Calculate (125 - 26 - 54) + -10.
35
What is 0 + -16 - (376 + -424 + 33)?
-1
Calculate -76 + 95 + -6 + -1 + (3 - 5 - 30).
-20
(-1 - -1) + 50 + -9 + (-13 - -11)
39
Evaluate 2 - (-3 + -1 - (8 - 6)) - (-6 - -57).
-43
What is the value of 35 - (28 + -43 + -14)?
64
(15 - 4 - (1 + 4)) + (-12 - -5) + -14
-15
What is the value of -3 + 23 + -26 + -18?
-24
Calculate -32 + (-56 - -118) + -15.
15
What is 6 + -37 + 4 + (-5 - -15) + 1?
-16
What is 2 + (114 + -2 - (-38 + 34)) + -18?
100
Calculate 14 + -7 + 20 - (100 + -94).
21
Evaluate -63 + 80 + 1 + -1 + 7.
24
What is (6 - -2) + (138 - 97)?
49
-3 - (-198 - (110 - 198))
107
13 - (91 - 0) - -178
100
Evaluate 6 + -35 + 11 + 23 - 41.
-36
What is -4 + -35 + 19 - (62 - 25)?
-57
Evaluate -38 + (16 - 48) + 104.
34
What is the value of (1 + -21 - (-101 + 93)) + 11 + 28?
27
What is (-4 - -6) + -17 - (62 + -100 - 43)?
66
Calculate -22 + 108 + -74 - 62.
-50
What is the value of -10 - -9 - (12 + -8) - (0 - 50)?
45
What is the value of -33 + (-33 - -4 - (6 - 9))?
-59
52 + -60 + (57 - -11 - (-1 - 8))
69
What is -11 - 0 - (-4 - (82 - 57)) - (-17 + 1)?
34
Calculate -41 + 48 + (9 - (-9 - (5 - 33) - 8)).
5
133 + -190 - -84 - (-21 - (1 + -4))
45
Evaluate (-53 - (-159 - -89)) + -6 + (-3 - -1) + -26.
-17
Evaluate 28 + 53 + -42 - (25 - 2).
16
What is -2 - (29 + -20 + (-5 - (1 + 3)))?
-2
Calculate (18 - 42) + (-3 - 3) + 120.
90
What is (20 - 141) + (-15 - 13) + 66?
-83
Evaluate (-16 + (11 - 3) - -13) + 74 + -76.
3
-2722 + 2775 - (44 - -1)
8
Calculate -8 + 0 + -12 + -4 + 20 + 6.
2
What is the value of (-35 + -18 + 87 - 4) + -90?
-60
Evaluate -8 + (-93 + 86 - (0 - -13)).
-28
Calculate (-71 - (-7 - -10)) + 13 - (46 + -61).
-46
What is the value of 4 - 8 - (19 + (-36 + 18 - 7))?
2
Calculate (0 - (-5 - (10 - 30))) + 54.
39
Evaluate 33 - (41 - 5 - 44 - (-7 - 0)).
34
What is the value of -359 + 325 - (-189 + 36)?
119
What is the value of -29 + (-86 - (-13 - (45 - 27)))?
-84
Calculate -16 + 14 + (4 - 14) - -15.
3
Calculate 29 + (17 + -19 - 10) + -12.
5
(1 - -32) + (1340 - 1360)
13
What is (-110 - -75) + 94 - (-11 - 2 - (-5 - -2))?
69
What is (11 - 11) + 9 + 16 + -15 - 19 - -36?
27
Evaluate (-3 - 28) + (67 - 24) + -8 + -47.
-43
Evaluate -61 - (6 - (84 + -89)).
-72
-24 - (15 - (-72 - (-15 + 8) - -3))
-101
What is the value of (-58 - 77 - -38) + 33?
-64
2 + -49 + -1 - (-60 + 28)
-16
What is the value of -166 - (-9 + -151) - (47 - 0 - (1 - -1))?
-51
Calculate -34 - (64 + 26 + -168).
44
Evaluate -1 - 6 - (-19268 + 19226).
35
What is (-42 - -122 - 73) + (1 + -2 - 40)?
-34
-8 + 17 + (-8 - (-14 + 4)) - -29
40
Calculate 3 + (11 - -5) + -18 + -9 - 30.
-38
What is the value of -3 + 2 - 2 - (-144 + 103 - -42)?
-4
What is the value of (-12 - -192) + -106 + -13 + -1?
60
Calculate (-1 - (-6 - -2)) + -6 - (-611 - -514).
94
Evaluate (27 - 1) + 239 + -276 + -52.
-63
Calculate -43 + -1 + 20 - (1 - 5) - -3.
-17
Calculate (-5 - 0) + -232 + 199.
-38
What is 35 - (-9 + 28 + (43 - 55))?
28
What is (